{"id":35,"date":"2011-09-29T16:55:21","date_gmt":"2011-09-29T14:55:21","guid":{"rendered":"http:\/\/www.en-hongrie.fr\/?page_id=35"},"modified":"2011-09-29T16:55:21","modified_gmt":"2011-09-29T14:55:21","slug":"les-quartiers-de-budapest","status":"publish","type":"page","link":"https:\/\/en-hongrie.fr\/?page_id=35","title":{"rendered":"Histoire"},"content":{"rendered":"<p>Budapest est une ville duelle, divis\u00e9e entre la vieille et tranquille Buda et la bouillonnante Pest. Historiquement, la ville \u00e9tait m\u00eame divis\u00e9e en trois parties : Buda, Pest et Obuda qui furent toutes r\u00e9unies en 1873.<\/p>\n","protected":false},"excerpt":{"rendered":"<p>Budapest est une ville duelle, divis\u00e9e entre la vieille et tranquille Buda et la bouillonnante Pest. Historiquement, la ville \u00e9tait m\u00eame divis\u00e9e en trois parties : Buda, Pest et Obuda qui furent toutes r\u00e9unies en 1873.<\/p>\n","protected":false},"author":1,"featured_media":0,"parent":0,"menu_order":0,"comment_status":"open","ping_status":"open","template":"","meta":{"_crdt_document":"","footnotes":""},"class_list":["post-35","page","type-page","status-publish","hentry"],"_links":{"self":[{"href":"https:\/\/en-hongrie.fr\/index.php?rest_route=\/wp\/v2\/pages\/35","targetHints":{"allow":["GET"]}}],"collection":[{"href":"https:\/\/en-hongrie.fr\/index.php?rest_route=\/wp\/v2\/pages"}],"about":[{"href":"https:\/\/en-hongrie.fr\/index.php?rest_route=\/wp\/v2\/types\/page"}],"author":[{"embeddable":true,"href":"https:\/\/en-hongrie.fr\/index.php?rest_route=\/wp\/v2\/users\/1"}],"replies":[{"embeddable":true,"href":"https:\/\/en-hongrie.fr\/index.php?rest_route=%2Fwp%2Fv2%2Fcomments&post=35"}],"version-history":[{"count":0,"href":"https:\/\/en-hongrie.fr\/index.php?rest_route=\/wp\/v2\/pages\/35\/revisions"}],"wp:attachment":[{"href":"https:\/\/en-hongrie.fr\/index.php?rest_route=%2Fwp%2Fv2%2Fmedia&parent=35"}],"curies":[{"name":"wp","href":"https:\/\/api.w.org\/{rel}","templated":true}]}}